vative of -l**4/24 + 8*l**2. Let z be a(-5). Suppose -2*m = -4*p - 36, 3*m - 90 = -2*m - z*p. What is the units digit of m?
8
Let f(c) = 13*c**2 + 13*c + 12. What is the hundreds digit of f(-4)?
1
Let t be (21/14*1)/(6/8). Suppose 5*s - 2*s = t*z + 584, -s = 4*z - 190. What is the tens digit of s?
9
Let y(k) = 6*k**3 - 13*k**2 + 3*k + 12. What is the hundreds digit of y(5)?
4
Suppose 26*l - 28*l + 1046 = 0. What is the units digit of l?
3
Let q(c) = -101*c - 513. What is the thousands digit of q(-23)?
1
Let p(k) = -k**3 + 8*k**2 - 9*k + 6. Let v be p(7). Suppose 3*t = -0*z - 3*z + 36, 0 = 3*z. Let d = t + v. What is the units digit of d?
4
Suppose 0 = -3*i + i + 2*m + 1362, -3*i + 2048 = -4*m. What is the hundreds digit of i?
6
Let k be -2 + (-5 - (-163 + 3)). Suppose -3*z = -6*z + k. What is the tens digit of z?
5
Suppose -11*s + 6906 + 2774 = 0. What is the hundreds digit of s?
8
Let a(j) be the first derivative of 10 - 23/2*j**2 - 3*j. What is the tens digit of a(-2)?
4
What is the hundreds digit of (144/90)/((-4)/(-7030))?
8
Let x(m) = 1820*m - 403. What is the thousands digit of x(2)?
3
Suppose 0 = -797*i + 792*i + 1665. What is the hundreds digit of i?
3
Let f = 500 + -205. What is the units digit of f?
5
Suppose 4*l - 1 = 3*o + 1, 2*l + 8 = -3*o. What is the units digit of l/(-4 - (-380)/96)?
4
Let w = -320 + 332. What is the units digit of w?
2
Suppose 2*g - 498 = 2*h, -173 = -3*g - 3*h + 568. What is the units digit of g?
8
Let n(p) = -1 + 8*p - 6 - 10 + 1. What is the tens digit of n(9)?
5
Suppose 13*h = 7*h - 42. Let q(t) = -4*t + 32. What is the tens digit of q(h)?
6
Let r = -104 + 109. Suppose 0 = -2*q + r*k + 94, -k + 158 = q + 2*q. What is the tens digit of q?
5
Suppose -86 = -3*m + 4*m. Suppose -6*y = -0*y - 780. Let s = m + y. What is the tens digit of s?
4
Suppose -60*q + 86*q - 107484 = 0. What is the hundreds digit of q?
1
Let z(j) = 2*j**2 + 14*j + 10. Suppose -5*s - 19 = 26. Let b be z(s). Suppose -w - b = -2*v - 3*w, -w = -3. What is the units digit of v?
0
What is the tens digit of (684/14)/((12/42)/2)?
4
Let v = 1594 + -336. What is the units digit of v?
8
Let f(j) = 288*j**2 - j - 1. Let r be f(1). Suppose -1226 = -5*s - r. Suppose u - 5*u = -s. What is the units digit of u?
7
Let i = 1081 + -445. What is the tens digit of i?
3
Let n(i) = 30*i - 167. What is the hundreds digit of n(24)?
5
Let o(p) = -p**3 + 3*p**2 - 2*p + 6. Let q be o(3). Suppose q = -g - 0*g + 14. Suppose 18*u - g*u = 100. What is the units digit of u?
5
Let r(g) = 6*g. Let w be r(2). Let s = w - -8. Let m = -12 + s. What is the units digit of m?
8
Suppose -25*l = 2*s - 20*l - 1223, -4*s - 2*l = -2470. What is the units digit of s?
9
What is the tens digit of ((-4361)/(-63) - 4/18) + 3?
7
Let x(a) = -a**3 + 7*a**2 - 5*a - 4. Suppose u + 4*g + 5 - 1 = 0, -2*u - 20 = -4*g. Let h be 4/u - 18/(-4). What is the tens digit of x(h)?
2
Let h(o) = o**3 + 5*o**2 + 3*o. Let m be h(-4). Let l = m - -3. Suppose -l*f + 10*f = 126. What is the tens digit of f?
4
Suppose 0*p + 4*p + 3*w = 1, 8 = 4*p - 4*w. Suppose 0*j = -3*j + 9. Suppose j + p = r. What is the units digit of r?
4
Let c = -90 + 159. Let m = 201 - c. What is the units digit of m?
2
Suppose -3*f - 9 = -5*r - 41, -2*r + 46 = 3*f. Let h be 80/(-28) - 2/f. Let v = h + 36. What is the units digit of v?
3
Suppose q - 3*u = -2 + 3, 0 = q + u - 9. Suppose p + 17 = -2*t - t, -3*t - 15 = 0. Let m = q - p. What is the units digit of m?
9
Let k = 64 - 101. Let r = -87 + 143. Let v = r + k. What is the units digit of v?
9
Let v(a) = -a**3 + 2*a**2 - 4*a + 2. Let o be v(3). Let q = o + -94. Let n = q - -173. What is the tens digit of n?
6
Let k be (8/(-4) - 2) + -14. Let v be k/12 + (-115)/2. Let q = -41 - v. What is the units digit of q?
8
Suppose -4*k = -q + 496, q + 600 = -5*k - 29. Let a = 218 + k. What is the tens digit of a?
9
Suppose -60 = -10*g + 170. What is the units digit of g?
3
Suppose -5*v + 371 = f, 0 = -2*f - 2*v + 104 + 606. What is the units digit of 2 + f/6*(7 - 3)?
6
Suppose -3*r - 16 + 1 = 0. Let i(k) = k**2 + 5*k + 11. Let z(o) = -1. Let c(x) = i(x) + 5*z(x). What is the units digit of c(r)?
6
Let l = -250 + 143. Let x = 150 + l. What is the tens digit of x?
4
Let m(g) = -452*g**3 + g**2 - g - 1. Let x be m(1). Let v = 667 + x. What is the tens digit of v?
1
Let w(o) be the second derivative of -o**5/20 - o**4/2 + 3*o**3/2 - 15*o**2/2 + 3*o. What is the units digit of w(-8)?
1
Let n(w) be the first derivative of 25*w**3/3 - 7*w**2/2 - 14*w - 42. What is the units digit of n(-3)?
2
Let p(j) = -2*j**3 + 7*j + 14. What is the tens digit of p(-6)?
0
Let o(p) = 2*p**2 - 19*p + 165. What is the units digit of o(-25)?
0
Suppose -2*p + 14 = l, -3*p + 5*p = l + 6. Suppose -5*w - 72 = -2*b, -l*w + 5 - 35 = -b. Suppose 0 = -f + b - 5. What is the units digit of f?
1
Suppose 29 = -5*j - 4*d, d = 5*j - 3 + 27. Suppose 5*s - 76 = -31. What is the units digit of (s/j)/((-1)/5)?
9
Suppose 0 = -20*d + 51200 - 3360. What is the thousands digit of d?
2
Let x = -606 + 2304. What is the tens digit of x?
9
Let u = 11 - 27. Suppose x + 5*k + 16 = 0, 17 = -3*x - 2*x - 4*k. What is the tens digit of x*15*u/20?
1
Suppose a - 8 = -a. Let n be ((-14)/(-18) - (-20)/90) + 140. Suppose 5*p + 3*b = n + 89, p - 23 = a*b. What is the tens digit of p?
4
Suppose 0 = -14*w + 11*w + x + 2036, w = 3*x + 692. What is the hundreds digit of w?
6
Let a(n) = -n**3 - 22*n**2 - 11*n + 12. Let p be a(-21). Let b = p + 288. What is the tens digit of b?
9
Let n(x) = -126*x - 52. What is the tens digit of n(-4)?
5
Suppose -36*r + 330 = -35*r. What is the units digit of r?
0
What is the units digit of 570/(8/96*8)?
5
Suppose -w + 285 = -f, 2*f - 1116 = -8*w + 4*w. What is the units digit of w?
1
Suppose -4*z - 1 = -d - 21, d + 11 = z. Let o be (d + 0)*18/24. What is the tens digit of o*-1*5/2?
1
What is the hundreds digit of 4/30 - -34*(-1318)/(-60)?
7
Let z be ((-1)/(-2)*-8 - -5) + 5. What is the tens digit of 415/4 + z*5/(-40)?
0
Suppose -o + 3*j + 585 = 0, 104 - 102 = -j. What is the tens digit of o?
7
Let m be 10/(-4)*(-24)/(-20). Let j = m + 2. Let b = 6 + j. What is the units digit of b?
5
Suppose 24 = 2*y + 2*a, -3*a + 4*a = 2*y - 15. Let w be (-7 - -10)*(y - 2). What is the units digit of 7/(w/18) - 0?
6
Let n(k) = 3*k - 10. Let g be n(5). Suppose -2*o = -8, g*d - 84 = d + 3*o. What is the units digit of d?
4
Let s(n) = -2*n**2 + 23*n - 14. What is the tens digit of s(7)?
4
Suppose n = -84 + 2246. What is the hundreds digit of n?
1
Let h = 6 + -2. Suppose 4*z - 105 = -h*b + 75, 5*b - 229 = -4*z. Let d = b - -4. What is the tens digit of d?
5
Let w = 815 - 79. Suppose -4*s - 4*m = -6*m - w, -2*s + 384 = 3*m. What is the units digit of s?
6
Let t = -25 - -98. What is the tens digit of t?
7
Suppose -2198*o = -2194*o - 17948. What is the hundreds digit of o?
4
Suppose 3*w - 218 - 376 = 2*k, 4*k - 812 = -4*w. What is the tens digit of w?
0
Suppose y - 4 = -5*z, -2*y - 24 = -4*y - 2*z. Suppose 3*f = 5*f - y. Suppose v - f + 0 = 0. What is the units digit of v?
7
Let a be (6/(-7))/((-24)/112). Suppose j + 4*y = -17, -a*j + 2*y = y - 17. Suppose j*h - 72 = -3*w, 3*h - 2 = 2*h. What is the units digit of w?
2
Suppose 2*u - 4*b = -u + 29, -2*b - 67 = -5*u. Suppose -4*i - u = -i, i - 69 = -2*c. What is the units digit of c?
7
Let d = 64 + 10. Suppose -3*z + d = -z. What is the units digit of z?
7
Let f(g) be the third derivative of 197*g**5/60 + g**4/24 - g**3/2 - 17*g**2. What is the tens digit of f(1)?
9
Suppose 8 = 2*d + 2. Let z = 136 + -133. Suppose v + 2*v + 75 = z*y, d*y = v + 65. What is the tens digit of y?
2
Suppose -5*l - 848 = -9*l. Suppose -2*d - d + l = 5*h, -d - 130 = -3*h. What is the units digit of h?
3
Suppose 255193 = 63*z + 8926. What is the hundreds digit of z?
9
Let l = -1448 - -1452. Suppose 2*y + 2*y - 54 = -5*x, -y + 7 = -2*x. Let n = y + l. What is the units digit of n?
5
Let v(l) = 11*l**2 - 9*l + 29. What is the hundreds digit of v(7)?
5
Let x = 20 + -21. Let o = x + 15. What is the units digit of o?
4
Let o = 9 - 7. Let h be o - (3 + -2 + -1). Suppose 7*y - 3*y = -h*t + 38, 5*t + 3*y - 95 = 0. What is the tens digit of t?
1
Let w = 37 + 219. Suppose 0 = -9*z + w + 284. What is the tens digit of z?
6
Suppose u + 